**2 - 4*z - 4. Let t = -10 + 6. Let w be s(t). Let c = w + 0. Let i(m) = m**2 + 5*m + 5. Calculate i(c).
1
Let l(c) = c**3 + 5*c**2 + 2*c - 2. Suppose -25 + 7 = 3*o. Let d = 2 + o. Give l(d).
6
Let j(t) = 5*t - 1. Suppose -2*b = -4*o + 6, -4*b - 15 = o - 6*o. Determine j(o).
-6
Let w(k) = 6*k - 2. Let f(m) = 5*m - 3. Let r(h) = 3*f(h) - 4*w(h). Give r(1).
-10
Suppose 0 = -l - 3*l - 5*a - 20, 12 = -2*l - 3*a. Suppose k = -3*v - 16, -3*k - 3*v + 0*v - 24 = l. Let g(m) = m**2 + 2*m - 5. What is g(k)?
3
Let u(d) = d**3 + 6*d**2 + 2*d + 7. Let h = 5 + -11. Give u(h).
-5
Let r(u) be the second derivative of -u**5/20 + u**4/6 + u**3/3 - u**2/2 - 32*u. Calculate r(2).
3
Let j = 1 + -6. Let o(r) = r - 7 + 4 + 1. Give o(j).
-7
Suppose 3*u = -3*k + 6, 2*k - 2*u - 1 - 3 = 0. Suppose -k*y + 14 = -4*y. Let m(d) = -d**3 - 6*d**2 + 6*d - 9. Determine m(y).
-2
Let d(l) = l + 3. Let q(o) = 2*o + 6. Let b(t) = 9*d(t) - 4*q(t). Give b(6).
9
Let d(i) = -i + 1. Suppose 5*g = -v + 16, -4*v - g - 16 = 3*g. Let b = v + 3. Let k be 5/(-15)*b/2. Give d(k).
0
Let k(u) = 3*u**2 + 2*u. Let m be k(1). Let p(d) = d**3 - 4*d**2 - 6*d + 1. Give p(m).
-4
Let w(c) = c**3 + c**2 - 3. Let t(g) = -g**3 + g + 4. Let j(l) = 3*t(l) + 4*w(l). Suppose 2*a = -3*a - 15. Calculate j(a).
0
Let b be (-2)/(-4) + 52/(-8). Let t(k) = k**2 + 7*k - 2. Give t(b).
-8
Let s be -2*(27/(-6) - -3). Suppose 0 = s*c - 2*n - 11, -n = c + 1 + 2. Let h(k) = -2*k + c - 3 + k. Calculate h(2).
-4
Suppose m = -u + 2, 2 = -u + m + 4. Suppose -8 = l - 3*l - 2*c, 0 = -u*c + 4. Let n(d) = d - 9. Let s(q) = -q + 5. Let j(t) = 6*n(t) + 11*s(t). Calculate j(l).
-9
Let h = 93 + -89. Let y(l) be the first derivative of 3 + 6*l - l**2 + 1/4*l**h + 4/3*l**3. Determine y(-5).
-9
Let n(v) be the first derivative of -v**3/3 - v**2/2 + 6*v - 45. Determine n(0).
6
Let p = 4 - 4. Let f(v) = v**2 - 4. What is f(p)?
-4
Let x = -3 - -5. Let l(h) = -h**2 + 8. Let r(o) = -o - 1. Let i(n) = l(n) + 4*r(n). Let d(j) = -j + 1. Let c(y) = 3*d(y) - i(y). What is c(x)?
5
Let o(k) = -k - 1 + k - k. Let u(t) = 3*t + 3. Let h(w) = 2*o(w) + u(w). What is h(-2)?
-1
Let j(h) = 28*h - 45. Let l(k) = -13*k + 22. Let f(z) = 6*j(z) + 13*l(z). What is f(11)?
5
Let r(m) be the second derivative of m**6/720 + m**5/40 - m**4/6 + m. Let t(l) be the third derivative of r(l). Determine t(-5).
-2
Let x be 5/(-3 - -4 - 0). Let n(d) = -2*d + 1. Let y(c) = 4*c - 2. Let m(t) = x*n(t) + 2*y(t). Suppose 0*i - 6 = -2*i. What is m(i)?
-5
Suppose 0 = -3*a + 2*f - 42, -2*f = 3*f. Let x = 11 + a. Let h(s) = -s**3 - 3*s**2 - 4. Determine h(x).
-4
Let n(q) = -4*q - 4. Let p(b) = b - 1. Let u(a) = n(a) + 2*p(a). Let m(k) = k**3 - 5*k**2 + 3*k + 3. Let o be m(3). What is u(o)?
6
Let d(x) = -x**2 - 229*x + 229*x. Calculate d(0).
0
Let v(x) = -2*x**2 + 3*x + 4. Let k be v(3). Let b(h) = -h**2 - 4*h + 1. What is b(k)?
-4
Let f(z) be the first derivative of -z**2/2 + 5*z + 11. Calculate f(-5).
10
Let o(n) = n - n**2 + 2*n**2 + 0*n - 3*n. Give o(2).
0
Let h(b) = 4*b + b + b**2 + 3*b. Let j = -2 - 4. Give h(j).
-12
Let v be 39/6 - (-12)/(-8). Let w(s) = s**2 - 4*s + v + 0 - 3. Give w(2).
-2
Let o(c) = 6*c. Let u = 53 - 52. What is o(u)?
6
Let h(u) = -u - 1. Let a = -2 - -5. Let k(o) = -a*o**2 + 6*o + 17 - 6 + 2*o**2. Let j be k(8). Determine h(j).
4
Let p = 13 + -17. Let w(b) = 4*b**2 - 9*b - 5. Let y(x) = -5*x**2 + 10*x + 6. Let q(t) = p*w(t) - 3*y(t). Determine q(6).
2
Let m(c) be the third derivative of c**6/120 - 7*c**5/60 + 5*c**4/24 + c**3/2 + 2*c**2 + 9. Let v = 2 - -4. What is m(v)?
-3
Let i(t) = 1 + 76*t + t**2 - 70*t + 4. Let g be (-3)/(-6) - 13/2. What is i(g)?
5
Let w(s) = -s**2 - 9 + 11*s - 2*s - s. Let y = 32 - 26. Determine w(y).
3
Let v(a) = -4*a**3 - 5*a**2 + a - 1. Let w(j) = -3*j**3 - 4*j**2 - 1. Let h(t) = 2*v(t) - 3*w(t). Give h(-3).
-14
Suppose -2*r + 4 = -10. Suppose r*x - 25 = 2*x. Let o(m) be the first derivative of m**2/2 - 4*m + 2. Calculate o(x).
1
Let b be 96/16*(-1)/2*-1. Let v(l) = -2*l + 2. Let o(x) = -3*x + 3. Let y(h) = -3*o(h) + 4*v(h). Determine y(b).
2
Let h(a) = 1 - 2 - a - 2*a. Let i be (-2)/6*(0 + -12). Calculate h(i).
-13
Let l be 3/(-4) - 6/(-16)*10. Let s(x) = -x**2 + 2*x - 3. What is s(l)?
-6
Let g(f) = f**2 - 7*f - 1. Let r be -1*2*12/16*-4. What is g(r)?
-7
Let z = -1/4997 - -35039/299820. Let f(n) be the third derivative of 1/24*n**4 + 2*n**2 + 0 + 5/3*n**3 + 1/120*n**6 + 0*n + z*n**5. What is f(-7)?
3
Let m = 26 - 15. Suppose -3*q = 3*c - 6, 5*q = 3*c + m - 25. Let h(o) = -5*o**3 - 2*o**2 + 1. Give h(q).
4
Let r(v) = -2*v**2 + 2*v - 2. Let z = 15 + -13. What is r(z)?
-6
Let w(v) = -v - 7. Suppose -3*j + 5*c = -0*c - 10, 0 = -2*c - 10. Determine w(j).
-2
Let u = -25 - -15. Let y = u - -5. Let v(a) = a**3 + 5*a**2 + 2*a + 4. What is v(y)?
-6
Let l(r) = -r - 4. Let v be l(-6). Suppose -w = -v*s + 8 - 1, -3*w = 15. Let c(k) = 5*k - 16*k**3 + 19*k**3 + 1 - 6*k - 12*k**3. Determine c(s).
-9
Let k = -5 + 6. Let p be k*2*9/6. Suppose -z = 2*q, 5*z = -p*q - 0*q - 14. Let i(t) = 2*t + 3. Determine i(z).
-5
Let j(m) = -m**2 - 8*m - 4. Suppose 32 = -7*c + 3*c. Calculate j(c).
-4
Let r(n) = -15*n**2 + 2*n - 1. Let z(o) = -o**2 + o - 1. Let c(v) = r(v) - 2*z(v). Determine c(1).
-12
Let v(o) be the first derivative of -o**4/4 + 2*o**3 - 2*o**2 + 2*o + 20. Calculate v(5).
7
Let c(w) be the third derivative of -w**5/20 - w**4/12 + w**3/6 - 56*w**2. Calculate c(1).
-4
Let a = 46 + -33. Let c = a + -8. Let p(u) = u - 1 + c - 1. Give p(-4).
-1
Let a(k) be the third derivative of -k**5/60 - k**3/3 + 54*k**2. Give a(-4).
-18
Let r(p) be the second derivative of 1/12*p**4 - 2*p - 2/3*p**3 + 1/2*p**2 + 0. Determine r(3).
-2
Let k(c) = 2*c**3 - 2*c**2 + 2*c - 1. Let y be k(1). Let z = y - 3. Let g(o) be the second derivative of o**3/6 - o**2 + 2*o. Give g(z).
-4
Let s(l) = l + 6. Suppose 2*o = -3*o - 3*v - 39, -4*o - 4*v - 36 = 0. Let c(m) = m**3 + 5*m**2 - 5*m + 6. Let x be c(o). Determine s(x).
6
Let y(q) = 2*q**3 - 2*q. Suppose 0 = 8*s - 13*s + 70. Let v be (-6)/s + 102/42. Determine y(v).
12
Let c(f) be the first derivative of f**4/4 - 2*f**3 + f**2/2 - 4. What is c(6)?
6
Suppose 3*l + 5*s - 34 = 0, -s = l + 2*s - 18. Let w(m) = m**3 - 3*m**2 - 3*m + 2. What is w(l)?
-7
Let p(a) = -a. Let h(l) = 7*l - 1. Let v(d) = -h(d) - 5*p(d). Suppose 2*k - 4 = 3*k. Let s be k/1*3/(-4). Calculate v(s).
-5
Let h(c) be the third derivative of c**5/60 + c**4/8 - c**3/6 + 38*c**2. What is h(2)?
9
Let m be 28/8 + (-1)/(-2). Let a(w) = -w**3 + 5*w**2 - 2*w - 3. What is a(m)?
5
Let g be 9*2*1/6. Let s(d) = d + 2. Determine s(g).
5
Let q(c) = -6*c - 1. Suppose 25*f = 20*f + 15. Suppose 3*b - f + 6 = 0. Determine q(b).
5
Let u(g) = -g**3 + 5*g**2 - 4*g + 2. Let z = -16 - -36. Suppose m = -m + z. Suppose 0*l - 3*l - 5 = -5*y, -2*l = -5*y + m. What is u(y)?
2
Suppose -4*u - u - 2*x = -30, -u = -3*x - 6. Let r = u - 2. Let w be ((-3)/4)/((-1)/r). Let b(z) = 2*z**2 - 2*z - 3. Calculate b(w).
9
Let w(x) be the third derivative of -x**5/12 - x**4/12 + x**3/6 + 11*x**2. Give w(1).
-6
Let r(q) = -4*q + 6*q + 1 + 3*q. Let h(i) = i**3 + 8*i**2 - i - 9. Let g(w) = w**3 + 6*w**2 + 6*w - 3. Let s be g(-5). Let b be h(s). Calculate r(b).
-4
Let q = 113 + -117. Let t(s) = -4*s - 4. Calculate t(q).
12
Let b be (0 - 0)/(-3)*-1. Let y(k) = -k**2 - k - 16. Determine y(b).
-16
Suppose -7*j = -9 - 12. Let v(b) = b**2 - 5*b + 4. Give v(j).
-2
Let i(v) = 2*v**3 + 2*v**2 - 8*v + 2. Suppose 0 = -10*a + 6*a - 12. Let r(t) = t**3 + 3*t**2 - 7*t + 3. Let n(u) = a*r(u) + 2*i(u). Calculate n(4).
-1
Let w(l) = -l**2 + 9*l - 5. Suppose 2*i - 2 = p + 2, -5*p - i + 35 = 0. What is w(p)?
13
Let j(u) = 7*u. Let o = 15 + -12. Suppose 0*n + 3 = n + x, 0 = -5*n - 2*x + o. Give j(n).
-7
Let o(n) be the second derivative of -n**3/6 - n**2 - 8*n. Give o(-1).
-1
Suppose -3*i + 2*p - 10 = -0*i, -6 = -i - 4*p. Suppose -s - 2 + 5 = 0. Let c be (1 - s)*(i - -4). Let w(z) = z**3 + 3*z**2 - 2*z - 4. Calculate w(c).
-12
Let r = 34 + -30. Let q(d) = -5*d - 13. Let b(x) = -x - 1. Let f(y) = 6*b(y) - q(y). What is f(r)?
3
Let s(i) be the first derivative of i**3/3 - 3*i**2/2 - 2*i - 1. Suppose 25 = 3*q + 4*g, 4*g = 6*q - 3*q + 7. Calculate s(q).
-2
Let p(x) = -x**3 + 4*x**2 + 2*x - 3. Let d(l) = 2*l + 2. Let q be d(1). 